 factors of 539?
7, 11
List the prime factors of 99749.
13, 7673
List the prime factors of 11687.
13, 29, 31
What are the prime factors of 594?
2, 3, 11
List the prime factors of 1592.
2, 199
List the prime factors of 8072.
2, 1009
List the prime factors of 6945.
3, 5, 463
List the prime factors of 33372.
2, 3, 103
What are the prime factors of 2195?
5, 439
List the prime factors of 4451.
4451
What are the prime factors of 859?
859
List the prime factors of 53629.
53629
List the prime factors of 174.
2, 3, 29
List the prime factors of 5927.
5927
List the prime factors of 973.
7, 139
What are the prime factors of 64684?
2, 103, 157
List the prime factors of 477.
3, 53
What are the prime factors of 1013?
1013
What are the prime factors of 18471?
3, 47, 131
What are the prime factors of 1222?
2, 13, 47
What are the prime factors of 3360?
2, 3, 5, 7
List the prime factors of 24326.
2, 12163
List the prime factors of 4029.
3, 17, 79
List the prime factors of 15263.
15263
List the prime factors of 28735.
5, 7, 821
List the prime factors of 273.
3, 7, 13
List the prime factors of 66901.
149, 449
List the prime factors of 6258.
2, 3, 7, 149
List the prime factors of 152675.
5, 31, 197
What are the prime factors of 790?
2, 5, 79
What are the prime factors of 5019?
3, 7, 239
What are the prime factors of 59084?
2, 14771
List the prime factors of 1055.
5, 211
What are the prime factors of 1621?
1621
What are the prime factors of 1080?
2, 3, 5
What are the prime factors of 79572?
2, 3, 19, 349
List the prime factors of 294.
2, 3, 7
List the prime factors of 11547.
3, 1283
List the prime factors of 11488.
2, 359
List the prime factors of 1418.
2, 709
What are the prime factors of 47660?
2, 5, 2383
What are the prime factors of 9527?
7, 1361
List the prime factors of 3269.
7, 467
List the prime factors of 47483.
103, 461
What are the prime factors of 783?
3, 29
What are the prime factors of 10979?
10979
What are the prime factors of 2156?
2, 7, 11
List the prime factors of 33237.
3, 1231
List the prime factors of 404.
2, 101
List the prime factors of 1406.
2, 19, 37
What are the prime factors of 2244?
2, 3, 11, 17
What are the prime factors of 84957?
3, 28319
What are the prime factors of 9979?
17, 587
List the prime factors of 16046.
2, 71, 113
What are the prime factors of 2979?
3, 331
List the prime factors of 18494.
2, 7, 1321
What are the prime factors of 87169?
61, 1429
What are the prime factors of 79608?
2, 3, 31, 107
What are the prime factors of 51203?
51203
What are the prime factors of 4417?
7, 631
What are the prime factors of 4057?
4057
What are the prime factors of 637?
7, 13
List the prime factors of 46168.
2, 29, 199
What are the prime factors of 37547?
37547
List the prime factors of 505.
5, 101
What are the prime factors of 893?
19, 47
What are the prime factors of 28407?
3, 17, 557
What are the prime factors of 729?
3
List the prime factors of 1356.
2, 3, 113
List the prime factors of 2303.
7, 47
What are the prime factors of 99172?
2, 24793
List the prime factors of 3324.
2, 3, 277
List the prime factors of 220.
2, 5, 11
List the prime factors of 42411.
3, 67, 211
What are the prime factors of 38838?
2, 3, 6473
List the prime factors of 6183.
3, 229
List the prime factors of 1403.
23, 61
List the prime factors of 9872.
2, 617
List the prime factors of 81.
3
List the prime factors of 220.
2, 5, 11
What are the prime factors of 102005?
5, 23, 887
What are the prime factors of 9153?
3, 113
List the prime factors of 929.
929
List the prime factors of 451.
11, 41
List the prime factors of 2622.
2, 3, 19, 23
What are the prime factors of 662?
2, 331
What are the prime factors of 7971?
3, 2657
List the prime factors of 17229.
3, 5743
What are the prime factors of 7267?
13, 43
List the prime factors of 110860.
2, 5, 23, 241
What are the prime factors of 688?
2, 43
List the prime factors of 1095.
3, 5, 73
What are the prime factors of 1199?
11, 109
List the prime factors of 77392.
2, 7, 691
What are the prime factors of 60882?
2, 3, 73, 139
List the prime factors of 10612.
2, 7, 379
What are the prime factors of 24462?
2, 3, 151
What are the prime factors of 2789?
2789
What are the prime factors of 18732?
2, 3, 7, 223
List the prime factors of 8487.
3, 23, 41
List the prime factors of 10453.
10453
What are the prime factors of 9982?
2, 7, 23, 31
What are the prime factors of 1528?
2, 191
What are the prime factors of 42680?
2, 5, 11, 97
List the prime factors of 268.
2, 67
What are the prime factors of 1914?
2, 3, 11, 29
What are the prime factors of 2028?
2, 3, 13
What are the prime factors of 32682?
2, 3, 13, 419
List the prime factors of 2246.
2, 1123
What are the prime factors of 2249?
13, 173
List the prime factors of 1423.
1423
List the prime factors of 58081.
241
What are the prime factors of 45501?
3, 29, 523
What are the prime factors of 22298?
2, 11149
What are the prime factors of 10269?
3, 7, 163
List the prime factors of 22663.
131, 173
List the prime factors of 100.
2, 5
List the prime factors of 63242.
2, 103, 307
List the prime factors of 24709.
24709
List the prime factors of 22165.
5, 11, 13, 31
List the prime factors of 21404.
2, 5351
List the prime factors of 24528.
2, 3, 7, 73
What are the prime factors of 2332?
2, 11, 53
List the prime factors of 22430.
2, 5, 2243
What are the prime factors of 17611?
11, 1601
What are the prime factors of 51637?
51637
What are the prime factors of 790?
2, 5, 79
List the prime factors of 13409.
11, 23, 53
List the prime factors of 4056.
2, 3, 13
List the prime factors of 97760.
2, 5, 13, 47
What are the prime factors of 21384?
2, 3, 11
List the prime factors of 60.
2, 3, 5
What are the prime factors of 5448?
2, 3, 227
What are the prime factors of 48284?
2, 12071
List the prime factors of 21995.
5, 53, 83
What are the prime factors of 22905?
3, 5, 509
What are the prime factors of 6918?
2, 3, 1153
What are the prime factors of 2604?
2, 3, 7, 31
List the prime factors of 6401.
37, 173
What are the prime factors of 1681?
41
List the prime factors of 1677.
3, 13, 43
What are the prime factors of 95468?
2, 29, 823
What are the prime factors of 79439?
19, 37, 113
What are the prime factors of 52090?
2, 5, 5209
List the prime factors of 88290.
2, 3, 5, 109
List the prime factors of 5375.
5, 43
List the prime factors of 629.
17, 37
List the prime factors of 2154.
2, 3, 359
What are the prime factors of 35978?
2, 17989
List the prime factors of 10362.
2, 3, 11, 157
List the prime factors of 2873.
13, 17
What are the prime factors of 513?
3, 19
What are the prime factors of 3963?
3, 1321
List the prime factors of 25576.
2, 23, 139
What are the prime factors of 6666?
2, 3, 11, 101
What are the prime factors of 84637?
7, 107, 113
What are the prime factors of 18495?
3, 5, 137
What are the prime factors of 10981?
79, 139
List the prime factors of 280.
2, 5, 7
What are the prime factors of 14016?
2, 3, 73
What are the prime factors of 122394?
2, 3, 20399
List the prime factors of 2583.
3, 7, 41
List the prime factors of 9344.
2, 73
List the prime factors of 21624.
2, 3, 17, 53
What are the prime factors of 7534?
2, 3767
What are the prime factors of 4030?
2, 5, 13, 31
List the prime factors of 4784.
2, 13, 23
List the prime factors of 38801.
7, 23, 241
What are the prime factors of 897?
3, 13, 23
List the prime factors of 1062.
2, 3, 59
List the prime factors of 2907.
3, 17, 19
What are the prime factors of 18427?
18427
List the prime factors of 2635.
5, 17, 31
List the prime factors of 11288.
2, 17, 83
What are the prime factors of 26640?
2, 3, 5, 37
What are the prime factors of 1333?
31, 43
What are the prime factors of 95?
5, 19
What are the prime factors of 561?
3, 11, 17
List the prime factors of 17384.
2, 41, 53
List the prime factors of 3788.
2, 947
List the prime factors of 20747.
20747
What are the prime factors of 5108?
2, 1277
List the prime factors of 23975.
5, 7, 137
List the prime factors of 47227.
83, 569
What are the prime factors of 7334?
2, 19, 193
What are the prime factors of 2127?
3, 709
List the prime factors of 77.
7, 11
List the prime factors of 138397.
7, 17, 1163
List the prime factors of 10583.
19, 557
List the prime factors of 11678.
2, 5839
What are the prime factors of